{"id":25,"date":"2019-10-02T23:14:50","date_gmt":"2019-10-02T21:14:50","guid":{"rendered":"http:\/\/salonquentindesmars.com\/?page_id=25"},"modified":"2021-06-21T16:24:21","modified_gmt":"2021-06-21T14:24:21","slug":"a-propos-de","status":"publish","type":"page","link":"https:\/\/salonquentindesmars.com\/index.php\/a-propos-de\/","title":{"rendered":"Quentin Desmars | Une Histoire"},"content":{"rendered":"\n<p class=\"has-drop-cap has-text-align-left has-text-color\" style=\"color:#a39331;font-size:22px\">R\u00e9veillez l&#8217;\u00e9l\u00e9gance qui est en vous !<\/p>\n\n\n\n<p><\/p>\n\n\n\n<p>Quentin Desmars, <strong>UNE PASSION<\/strong><\/p>\n\n\n\n<p class=\"has-text-align-center has-text-color\" style=\"color:#a89331\"><em>&#8221; Coiffer&#8230; Ma raison de vivre &#8220;<\/em><\/p>\n\n\n\n<div class=\"wp-block-image\"><figure class=\"alignleft size-large is-resized\"><img loading=\"lazy\" decoding=\"async\" src=\"https:\/\/salonquentindesmars.com\/wp-content\/uploads\/2021\/06\/Quentin-Desmars-683x1024.jpg\" alt=\"\" class=\"wp-image-362\" width=\"168\" height=\"252\" srcset=\"https:\/\/salonquentindesmars.com\/wp-content\/uploads\/2021\/06\/Quentin-Desmars-683x1024.jpg 683w, https:\/\/salonquentindesmars.com\/wp-content\/uploads\/2021\/06\/Quentin-Desmars-200x300.jpg 200w, https:\/\/salonquentindesmars.com\/wp-content\/uploads\/2021\/06\/Quentin-Desmars-768x1152.jpg 768w, https:\/\/salonquentindesmars.com\/wp-content\/uploads\/2021\/06\/Quentin-Desmars-1024x1536.jpg 1024w, https:\/\/salonquentindesmars.com\/wp-content\/uploads\/2021\/06\/Quentin-Desmars.jpg 1080w\" sizes=\"auto, (max-width: 168px) 100vw, 168px\" \/><figcaption>Deux fois m\u00e9daill\u00e9s d&#8217;or <br>au championnat du monde de coiffure<\/figcaption><\/figure><\/div>\n\n\n\n<p>Passionn\u00e9 depuis mon plus jeune \u00e2ge, c\u2019est avec fiert\u00e9 et \u00e9motion que j\u2019ouvre les portes du Salon Quentin Desmars sur Angers, ma ville natale.  <br><br>A tout juste 21 ans, &nbsp;c\u2019est la t\u00eate remplie de projets et de d\u00e9termination que je souhaite \u00e0 travers ce 1<sup>er<\/sup> salon vous faire d\u00e9couvrir mon univers \u00ab&nbsp;Quentin Desmars \u00bb dans une ambiance chaleureuse et accueillante.<br><\/p>\n\n\n\n<p>Tout au long de mes \u00e9tudes et des diff\u00e9rentes exp\u00e9riences en salon de coiffure, je participe \u00e0 des multiples concours de coiffure (Chignons, Color cut, Meilleurs apprentis de France,\u2026.). Depuis 2015 j\u2019obtiens de nombreux titres qui m\u2019ont permis de rejoindre en 2017 l\u2019\u00e9quipe de France et d\u2019\u00eatre sacr\u00e9 double m\u00e9daill\u00e9 d\u2019or au championnat du monde dans la cat\u00e9gorie Junior en 2018.  Aujourd\u2019hui, ce sont plus de 14 titres Nationaux remport\u00e9s.  <\/p>\n\n\n\n<hr class=\"wp-block-separator\"\/>\n\n\n\n<p>Quentin Desmars, <strong>UN CONCEPT<\/strong><\/p>\n\n\n\n<p class=\"has-text-align-center has-text-color\" style=\"color:#a39331\"><em>&#8221; Du&nbsp;sur mesure selon vos d\u00e9sirs &#8220;<\/em><\/p>\n\n\n\n<p> Un cadre Chaleureux &amp; Accueillant. <br><br>Un univers \u00e9l\u00e9gant entour\u00e9 de produits et services innovants, accompagn\u00e9 par WELLA. <br> <br>Des coiffures chics, cr\u00e9atives. <\/p>\n\n\n\n<hr class=\"wp-block-separator\"\/>\n","protected":false},"excerpt":{"rendered":"<p>R\u00e9veillez l&#8217;\u00e9l\u00e9gance qui est en vous ! Quentin Desmars, UNE PASSION &#8221; Coiffer&#8230; Ma raison de vivre &#8220; Passionn\u00e9 depuis mon plus jeune \u00e2ge, c\u2019est avec fiert\u00e9 et \u00e9motion que j\u2019ouvre les portes du Salon Quentin Desmars sur Angers, ma ville natale. A tout juste 21 ans, &nbsp;c\u2019est la t\u00eate remplie de projets et de &hellip; <\/p>\n<p class=\"link-more\"><a href=\"https:\/\/salonquentindesmars.com\/index.php\/a-propos-de\/\" class=\"more-link\">Continuer la lecture<span class=\"screen-reader-text\"> de &laquo;&nbsp;Quentin Desmars | Une Histoire&nbsp;&raquo;<\/span><\/a><\/p>\n","protected":false},"author":1,"featured_media":253,"parent":0,"menu_order":0,"comment_status":"closed","ping_status":"closed","template":"","meta":{"_monsterinsights_skip_tracking":false,"_monsterinsights_sitenote_active":false,"_monsterinsights_sitenote_note":"","_monsterinsights_sitenote_category":0,"footnotes":""},"class_list":["post-25","page","type-page","status-publish","has-post-thumbnail","hentry"],"yoast_head":"<!-- This site is optimized with the Yoast SEO plugin v16.5 - https:\/\/yoast.com\/wordpress\/plugins\/seo\/ -->\n<title>Quentin Desmars | Une Histoire - Salon Quentin Desmars | coiffeur Angers<\/title>\n<meta name=\"description\" content=\"Salon de coiffure et marque de beaut\u00e9 des cheveux, d\u00e9couvrez l&#039;univers de Quentin Desmars double champion du monde de coiffure sur Angers.\" \/>\n<meta name=\"robots\" content=\"index, follow, max-snippet:-1, max-image-preview:large, max-video-preview:-1\" \/>\n<link rel=\"canonical\" href=\"https:\/\/salonquentindesmars.com\/index.php\/a-propos-de\/\" \/>\n<meta property=\"og:locale\" content=\"fr_FR\" \/>\n<meta property=\"og:type\" content=\"article\" \/>\n<meta property=\"og:title\" content=\"Quentin Desmars | Une Histoire - Salon Quentin Desmars | coiffeur Angers\" \/>\n<meta property=\"og:description\" content=\"Salon de coiffure et marque de beaut\u00e9 des cheveux, d\u00e9couvrez l&#039;univers de Quentin Desmars double champion du monde de coiffure sur Angers.\" \/>\n<meta property=\"og:url\" content=\"https:\/\/salonquentindesmars.com\/index.php\/a-propos-de\/\" \/>\n<meta property=\"og:site_name\" content=\"Salon Quentin Desmars | coiffeur Angers\" \/>\n<meta property=\"article:modified_time\" content=\"2021-06-21T14:24:21+00:00\" \/>\n<meta property=\"og:image\" content=\"https:\/\/salonquentindesmars.com\/wp-content\/uploads\/2019\/10\/Vitrine_salon_BN.jpg\" \/>\n\t<meta property=\"og:image:width\" content=\"748\" \/>\n\t<meta property=\"og:image:height\" content=\"701\" \/>\n<meta name=\"twitter:card\" content=\"summary_large_image\" \/>\n<meta name=\"twitter:label1\" content=\"Dur\u00e9e de lecture est.\" \/>\n\t<meta name=\"twitter:data1\" content=\"2 minutes\" \/>\n<script type=\"application\/ld+json\" class=\"yoast-schema-graph\">{\"@context\":\"https:\/\/schema.org\",\"@graph\":[{\"@type\":\"WebSite\",\"@id\":\"https:\/\/salonquentindesmars.com\/#website\",\"url\":\"https:\/\/salonquentindesmars.com\/\",\"name\":\"Salon Quentin Desmars | coiffeur Angers\",\"description\":\"R\\u00e9veillez l\\u2019\\u00e9l\\u00e9gance qui est en vous !\",\"potentialAction\":[{\"@type\":\"SearchAction\",\"target\":\"https:\/\/salonquentindesmars.com\/?s={search_term_string}\",\"query-input\":\"required name=search_term_string\"}],\"inLanguage\":\"fr-FR\"},{\"@type\":\"ImageObject\",\"@id\":\"https:\/\/salonquentindesmars.com\/index.php\/a-propos-de\/#primaryimage\",\"inLanguage\":\"fr-FR\",\"url\":\"https:\/\/salonquentindesmars.com\/wp-content\/uploads\/2019\/10\/Vitrine_salon_BN.jpg\",\"contentUrl\":\"https:\/\/salonquentindesmars.com\/wp-content\/uploads\/2019\/10\/Vitrine_salon_BN.jpg\",\"width\":748,\"height\":701},{\"@type\":\"WebPage\",\"@id\":\"https:\/\/salonquentindesmars.com\/index.php\/a-propos-de\/#webpage\",\"url\":\"https:\/\/salonquentindesmars.com\/index.php\/a-propos-de\/\",\"name\":\"Quentin Desmars | Une Histoire - Salon Quentin Desmars | coiffeur Angers\",\"isPartOf\":{\"@id\":\"https:\/\/salonquentindesmars.com\/#website\"},\"primaryImageOfPage\":{\"@id\":\"https:\/\/salonquentindesmars.com\/index.php\/a-propos-de\/#primaryimage\"},\"datePublished\":\"2019-10-02T21:14:50+00:00\",\"dateModified\":\"2021-06-21T14:24:21+00:00\",\"description\":\"Salon de coiffure et marque de beaut\\u00e9 des cheveux, d\\u00e9couvrez l'univers de Quentin Desmars double champion du monde de coiffure sur Angers.\",\"breadcrumb\":{\"@id\":\"https:\/\/salonquentindesmars.com\/index.php\/a-propos-de\/#breadcrumb\"},\"inLanguage\":\"fr-FR\",\"potentialAction\":[{\"@type\":\"ReadAction\",\"target\":[\"https:\/\/salonquentindesmars.com\/index.php\/a-propos-de\/\"]}]},{\"@type\":\"BreadcrumbList\",\"@id\":\"https:\/\/salonquentindesmars.com\/index.php\/a-propos-de\/#breadcrumb\",\"itemListElement\":[{\"@type\":\"ListItem\",\"position\":1,\"name\":\"Accueil\",\"item\":\"https:\/\/salonquentindesmars.com\/\"},{\"@type\":\"ListItem\",\"position\":2,\"name\":\"Quentin Desmars | Une Histoire\"}]}]}<\/script>\n<!-- \/ Yoast SEO plugin. -->","_links":{"self":[{"href":"https:\/\/salonquentindesmars.com\/index.php\/wp-json\/wp\/v2\/pages\/25","targetHints":{"allow":["GET"]}}],"collection":[{"href":"https:\/\/salonquentindesmars.com\/index.php\/wp-json\/wp\/v2\/pages"}],"about":[{"href":"https:\/\/salonquentindesmars.com\/index.php\/wp-json\/wp\/v2\/types\/page"}],"author":[{"embeddable":true,"href":"https:\/\/salonquentindesmars.com\/index.php\/wp-json\/wp\/v2\/users\/1"}],"replies":[{"embeddable":true,"href":"https:\/\/salonquentindesmars.com\/index.php\/wp-json\/wp\/v2\/comments?post=25"}],"version-history":[{"count":26,"href":"https:\/\/salonquentindesmars.com\/index.php\/wp-json\/wp\/v2\/pages\/25\/revisions"}],"predecessor-version":[{"id":367,"href":"https:\/\/salonquentindesmars.com\/index.php\/wp-json\/wp\/v2\/pages\/25\/revisions\/367"}],"wp:featuredmedia":[{"embeddable":true,"href":"https:\/\/salonquentindesmars.com\/index.php\/wp-json\/wp\/v2\/media\/253"}],"wp:attachment":[{"href":"https:\/\/salonquentindesmars.com\/index.php\/wp-json\/wp\/v2\/media?parent=25"}],"curies":[{"name":"wp","href":"https:\/\/api.w.org\/{rel}","templated":true}]}}

<p class="has-drop-cap has-text-align-left has-text-color" style="color:#a39331;font-size:22px">Réveillez l&#8217;élégance qui est en vous !</p>



<p></p>



<p>Quentin Desmars, <strong>UNE PASSION</strong></p>



<p class="has-text-align-center has-text-color" style="color:#a89331"><em>&#8221; Coiffer&#8230; Ma raison de vivre &#8220;</em></p>



<div class="wp-block-image"><figure class="alignleft size-large is-resized"><img loading="lazy" decoding="async" src="https://salonquentindesmars.com/wp-content/uploads/2021/06/Quentin-Desmars-683x1024.jpg" alt="" class="wp-image-362" width="168" height="252" srcset="https://salonquentindesmars.com/wp-content/uploads/2021/06/Quentin-Desmars-683x1024.jpg 683w, https://salonquentindesmars.com/wp-content/uploads/2021/06/Quentin-Desmars-200x300.jpg 200w, https://salonquentindesmars.com/wp-content/uploads/2021/06/Quentin-Desmars-768x1152.jpg 768w, https://salonquentindesmars.com/wp-content/uploads/2021/06/Quentin-Desmars-1024x1536.jpg 1024w, https://salonquentindesmars.com/wp-content/uploads/2021/06/Quentin-Desmars.jpg 1080w" sizes="auto, (max-width: 168px) 100vw, 168px" /><figcaption>Deux fois médaillés d&#8217;or <br>au championnat du monde de coiffure</figcaption></figure></div>



<p>Passionné depuis mon plus jeune âge, c’est avec fierté et émotion que j’ouvre les portes du Salon Quentin Desmars sur Angers, ma ville natale.  <br><br>A tout juste 21 ans, &nbsp;c’est la tête remplie de projets et de détermination que je souhaite à travers ce 1<sup>er</sup> salon vous faire découvrir mon univers «&nbsp;Quentin Desmars » dans une ambiance chaleureuse et accueillante.<br></p>



<p>Tout au long de mes études et des différentes expériences en salon de coiffure, je participe à des multiples concours de coiffure (Chignons, Color cut, Meilleurs apprentis de France,….). Depuis 2015 j’obtiens de nombreux titres qui m’ont permis de rejoindre en 2017 l’équipe de France et d’être sacré double médaillé d’or au championnat du monde dans la catégorie Junior en 2018.  Aujourd’hui, ce sont plus de 14 titres Nationaux remportés.  </p>



<hr class="wp-block-separator"/>



<p>Quentin Desmars, <strong>UN CONCEPT</strong></p>



<p class="has-text-align-center has-text-color" style="color:#a39331"><em>&#8221; Du&nbsp;sur mesure selon vos désirs &#8220;</em></p>



<p> Un cadre Chaleureux &amp; Accueillant. <br><br>Un univers élégant entouré de produits et services innovants, accompagné par WELLA. <br> <br>Des coiffures chics, créatives. </p>



<hr class="wp-block-separator"/>

<p>Réveillez l&#8217;élégance qui est en vous ! Quentin Desmars, UNE PASSION &#8221; Coiffer&#8230; Ma raison de vivre &#8220; Passionné depuis mon plus jeune âge, c’est avec fierté et émotion que j’ouvre les portes du Salon Quentin Desmars sur Angers, ma ville natale. A tout juste 21 ans, &nbsp;c’est la tête remplie de projets et de &hellip; </p>
<p class="link-more"><a href="https://salonquentindesmars.com/index.php/a-propos-de/" class="more-link">Continuer la lecture<span class="screen-reader-text"> de &laquo;&nbsp;Quentin Desmars | Une Histoire&nbsp;&raquo;</span></a></p>

<!-- This site is optimized with the Yoast SEO plugin v16.5 - https://yoast.com/wordpress/plugins/seo/ -->
<title>Quentin Desmars | Une Histoire - Salon Quentin Desmars | coiffeur Angers</title>
<meta name="description" content="Salon de coiffure et marque de beauté des cheveux, découvrez l&#039;univers de Quentin Desmars double champion du monde de coiffure sur Angers." />
<meta name="robots" content="index, follow, max-snippet:-1, max-image-preview:large, max-video-preview:-1" />
<link rel="canonical" href="https://salonquentindesmars.com/index.php/a-propos-de/" />
<meta property="og:locale" content="fr_FR" />
<meta property="og:type" content="article" />
<meta property="og:title" content="Quentin Desmars | Une Histoire - Salon Quentin Desmars | coiffeur Angers" />
<meta property="og:description" content="Salon de coiffure et marque de beauté des cheveux, découvrez l&#039;univers de Quentin Desmars double champion du monde de coiffure sur Angers." />
<meta property="og:url" content="https://salonquentindesmars.com/index.php/a-propos-de/" />
<meta property="og:site_name" content="Salon Quentin Desmars | coiffeur Angers" />
<meta property="article:modified_time" content="2021-06-21T14:24:21+00:00" />
<meta property="og:image" content="https://salonquentindesmars.com/wp-content/uploads/2019/10/Vitrine_salon_BN.jpg" />
	<meta property="og:image:width" content="748" />
	<meta property="og:image:height" content="701" />
<meta name="twitter:card" content="summary_large_image" />
<meta name="twitter:label1" content="Durée de lecture est." />
	<meta name="twitter:data1" content="2 minutes" />
<script type="application/ld+json" class="yoast-schema-graph">{"@context":"https://schema.org","@graph":[{"@type":"WebSite","@id":"https://salonquentindesmars.com/#website","url":"https://salonquentindesmars.com/","name":"Salon Quentin Desmars | coiffeur Angers","description":"R\u00e9veillez l\u2019\u00e9l\u00e9gance qui est en vous !","potentialAction":[{"@type":"SearchAction","target":"https://salonquentindesmars.com/?s={search_term_string}","query-input":"required name=search_term_string"}],"inLanguage":"fr-FR"},{"@type":"ImageObject","@id":"https://salonquentindesmars.com/index.php/a-propos-de/#primaryimage","inLanguage":"fr-FR","url":"https://salonquentindesmars.com/wp-content/uploads/2019/10/Vitrine_salon_BN.jpg","contentUrl":"https://salonquentindesmars.com/wp-content/uploads/2019/10/Vitrine_salon_BN.jpg","width":748,"height":701},{"@type":"WebPage","@id":"https://salonquentindesmars.com/index.php/a-propos-de/#webpage","url":"https://salonquentindesmars.com/index.php/a-propos-de/","name":"Quentin Desmars | Une Histoire - Salon Quentin Desmars | coiffeur Angers","isPartOf":{"@id":"https://salonquentindesmars.com/#website"},"primaryImageOfPage":{"@id":"https://salonquentindesmars.com/index.php/a-propos-de/#primaryimage"},"datePublished":"2019-10-02T21:14:50+00:00","dateModified":"2021-06-21T14:24:21+00:00","description":"Salon de coiffure et marque de beaut\u00e9 des cheveux, d\u00e9couvrez l'univers de Quentin Desmars double champion du monde de coiffure sur Angers.","breadcrumb":{"@id":"https://salonquentindesmars.com/index.php/a-propos-de/#breadcrumb"},"inLanguage":"fr-FR","potentialAction":[{"@type":"ReadAction","target":["https://salonquentindesmars.com/index.php/a-propos-de/"]}]},{"@type":"BreadcrumbList","@id":"https://salonquentindesmars.com/index.php/a-propos-de/#breadcrumb","itemListElement":[{"@type":"ListItem","position":1,"name":"Accueil","item":"https://salonquentindesmars.com/"},{"@type":"ListItem","position":2,"name":"Quentin Desmars | Une Histoire"}]}]}</script>
<!-- / Yoast SEO plugin. -->
